{"id":2218,"date":"2024-08-19T15:08:15","date_gmt":"2024-08-19T18:08:15","guid":{"rendered":"https:\/\/www.monstrum.dev.br\/clientes_\/construir\/?page_id=2218"},"modified":"2025-03-10T08:22:35","modified_gmt":"2025-03-10T11:22:35","slug":"programas-especiais-desenvolvimento-escolar","status":"publish","type":"page","link":"https:\/\/www.monstrum.dev.br\/clientes_\/construir\/programas-especiais-desenvolvimento-escolar\/","title":{"rendered":"Projetos Institucionais"},"content":{"rendered":"<div class=\"wpb-content-wrapper\"><p>[vc_row][vc_column]<div id=\"ultimate-heading-761269f2967a18e89\" class=\"uvc-heading ult-adjust-bottom-margin ultimate-heading-761269f2967a18e89 uvc-3360 \" data-hspacer=\"no_spacer\"  data-halign=\"center\" style=\"text-align:center\"><div class=\"uvc-heading-spacer no_spacer\" style=\"top\"><\/div><div class=\"uvc-main-heading ult-responsive\"  data-ultimate-target='.uvc-heading.ultimate-heading-761269f2967a18e89 h2'  data-responsive-json-new='{\"font-size\":\"desktop:44px;\",\"line-height\":\"\"}' ><h2 style=\"--font-weight:theme;\">Educa\u00e7\u00e3o Socioemocional e Bullying<\/h2><\/div><\/div>[vc_column_text css=&#8221;&#8221;]<\/p>\r\n<p>&nbsp;<\/p>\r\n<p><!-- \/wp:post-content -->\u00a0<\/p>\r\n<!-- wp:quote -->\r\n<blockquote class=\"wp-block-quote\">\r\n<p>No projeto socioemocional desenvolvemos compet\u00eancias emocionais e sociais nas nossas crian\u00e7as. Elas dialogam sobre as suas emo\u00e7\u00f5es e sentimentos, interagindo com o outro com coopera\u00e7\u00e3o e empatia. Integrado ao projeto &#8220;Diga n\u00e3o ao bullying&#8221;\u00a0 melhoramos o conv\u00edvio entre os estudantes, promovendo o di\u00e1logo, o respeito e a inclus\u00e3o.<\/p>\r\n<\/blockquote>\r\n<!-- \/wp:quote -->\r\n<p>[\/vc_column_text]<div id=\"ultimate-heading-7369f2967a18ed3\" class=\"uvc-heading ult-adjust-bottom-margin ultimate-heading-7369f2967a18ed3 uvc-9575 \" data-hspacer=\"no_spacer\"  data-halign=\"center\" style=\"text-align:center\"><div class=\"uvc-heading-spacer no_spacer\" style=\"top\"><\/div><div class=\"uvc-main-heading ult-responsive\"  data-ultimate-target='.uvc-heading.ultimate-heading-7369f2967a18ed3 h2'  data-responsive-json-new='{\"font-size\":\"desktop:44px;\",\"line-height\":\"\"}' ><h2 style=\"--font-weight:theme;\">Projeto Consci\u00eancia Negra<\/h2><\/div><\/div>[vc_column_text css=&#8221;&#8221;]<\/p>\r\n<p>&nbsp;<\/p>\r\n<p><!-- \/wp:paragraph -->\u00a0<\/p>\r\n<!-- wp:quote -->\r\n<blockquote class=\"wp-block-quote\">\r\n<p>Atrav\u00e9s da literatura, de m\u00fasicas, brincadeiras e atividades, as crian\u00e7as aprendem a valorizar e respeitar a cultura negra. A escola \u00e9 um espa\u00e7o de debates e reflex\u00f5es, estudos, palestras, oficinas e a\u00e7\u00f5es que celebrem a cultura afro-brasileira.<\/p>\r\n<\/blockquote>\r\n<!-- \/wp:quote -->\r\n<p>&nbsp;<\/p>\r\n<p>[\/vc_column_text]<div id=\"ultimate-heading-956369f2967a18f00\" class=\"uvc-heading ult-adjust-bottom-margin ultimate-heading-956369f2967a18f00 uvc-8202 \" data-hspacer=\"no_spacer\"  data-halign=\"center\" style=\"text-align:center\"><div class=\"uvc-heading-spacer no_spacer\" style=\"top\"><\/div><div class=\"uvc-main-heading ult-responsive\"  data-ultimate-target='.uvc-heading.ultimate-heading-956369f2967a18f00 h2'  data-responsive-json-new='{\"font-size\":\"desktop:44px;\",\"line-height\":\"\"}' ><h2 style=\"--font-weight:theme;\">Educa\u00e7\u00e3o Financeira e Empreendedorismo<\/h2><\/div><\/div>[vc_column_text css=&#8221;&#8221;]<\/p>\r\n<p>&nbsp;<\/p>\r\n<p><!-- \/wp:paragraph -->\u00a0<\/p>\r\n<!-- wp:quote -->\r\n<blockquote class=\"wp-block-quote\">\r\n<p>Os estudantes aprendem a gerenciar o dinheiro, a poupar e gastar de maneira consciente. Dialogam sobre alguns conceitos b\u00e1sicos como capital, descontos, lucros, juros, medir riscos e evitar preju\u00edzos, ao escolher, por exemplo, o que vender na lojinha. Planejam, organizam e executam atividades para gerar valor.<\/p>\r\n<\/blockquote>\r\n<!-- \/wp:quote -->\r\n<p>&nbsp;<\/p>\r\n<p>[\/vc_column_text][\/vc_column][\/vc_row]<\/p><\/div>","protected":false},"excerpt":{"rendered":"<p>[vc_row][vc_column][vc_column_text css=&#8221;&#8221;] &nbsp; \u00a0 No projeto socioemocional desenvolvemos compet\u00eancias emocionais e sociais nas nossas crian\u00e7as. Elas dialogam sobre as suas emo\u00e7\u00f5es e sentimentos, interagindo com o outro com coopera\u00e7\u00e3o e empatia. Integrado ao projeto &#8220;Diga n\u00e3o ao bullying&#8221;\u00a0 melhoramos o conv\u00edvio entre os estudantes, promovendo o di\u00e1logo, o respeito e a inclus\u00e3o. [\/vc_column_text][vc_column_text css=&#8221;&#8221;] &nbsp;&hellip;<\/p>\n","protected":false},"author":1,"featured_media":0,"parent":0,"menu_order":0,"comment_status":"closed","ping_status":"closed","template":"","meta":{"footnotes":""},"class_list":["post-2218","page","type-page","status-publish","hentry","description-off"],"_links":{"self":[{"href":"https:\/\/www.monstrum.dev.br\/clientes_\/construir\/wp-json\/wp\/v2\/pages\/2218","targetHints":{"allow":["GET"]}}],"collection":[{"href":"https:\/\/www.monstrum.dev.br\/clientes_\/construir\/wp-json\/wp\/v2\/pages"}],"about":[{"href":"https:\/\/www.monstrum.dev.br\/clientes_\/construir\/wp-json\/wp\/v2\/types\/page"}],"author":[{"embeddable":true,"href":"https:\/\/www.monstrum.dev.br\/clientes_\/construir\/wp-json\/wp\/v2\/users\/1"}],"replies":[{"embeddable":true,"href":"https:\/\/www.monstrum.dev.br\/clientes_\/construir\/wp-json\/wp\/v2\/comments?post=2218"}],"version-history":[{"count":7,"href":"https:\/\/www.monstrum.dev.br\/clientes_\/construir\/wp-json\/wp\/v2\/pages\/2218\/revisions"}],"predecessor-version":[{"id":2342,"href":"https:\/\/www.monstrum.dev.br\/clientes_\/construir\/wp-json\/wp\/v2\/pages\/2218\/revisions\/2342"}],"wp:attachment":[{"href":"https:\/\/www.monstrum.dev.br\/clientes_\/construir\/wp-json\/wp\/v2\/media?parent=2218"}],"curies":[{"name":"wp","href":"https:\/\/api.w.org\/{rel}","templated":true}]}}

<div class="wpb-content-wrapper"><p>[vc_row][vc_column]<div id="ultimate-heading-761269f2967a18e89" class="uvc-heading ult-adjust-bottom-margin ultimate-heading-761269f2967a18e89 uvc-3360 " data-hspacer="no_spacer"  data-halign="center" style="text-align:center"><div class="uvc-heading-spacer no_spacer" style="top"></div><div class="uvc-main-heading ult-responsive"  data-ultimate-target='.uvc-heading.ultimate-heading-761269f2967a18e89 h2'  data-responsive-json-new='{"font-size":"desktop:44px;","line-height":""}' ><h2 style="--font-weight:theme;">Educação Socioemocional e Bullying</h2></div></div>[vc_column_text css=&#8221;&#8221;]</p>
<p>&nbsp;</p>
<p><!-- /wp:post-content --> </p>
<!-- wp:quote -->
<blockquote class="wp-block-quote">
<p>No projeto socioemocional desenvolvemos competências emocionais e sociais nas nossas crianças. Elas dialogam sobre as suas emoções e sentimentos, interagindo com o outro com cooperação e empatia. Integrado ao projeto &#8220;Diga não ao bullying&#8221;  melhoramos o convívio entre os estudantes, promovendo o diálogo, o respeito e a inclusão.</p>
</blockquote>
<!-- /wp:quote -->
<p>[/vc_column_text]<div id="ultimate-heading-7369f2967a18ed3" class="uvc-heading ult-adjust-bottom-margin ultimate-heading-7369f2967a18ed3 uvc-9575 " data-hspacer="no_spacer"  data-halign="center" style="text-align:center"><div class="uvc-heading-spacer no_spacer" style="top"></div><div class="uvc-main-heading ult-responsive"  data-ultimate-target='.uvc-heading.ultimate-heading-7369f2967a18ed3 h2'  data-responsive-json-new='{"font-size":"desktop:44px;","line-height":""}' ><h2 style="--font-weight:theme;">Projeto Consciência Negra</h2></div></div>[vc_column_text css=&#8221;&#8221;]</p>
<p>&nbsp;</p>
<p><!-- /wp:paragraph --> </p>
<!-- wp:quote -->
<blockquote class="wp-block-quote">
<p>Através da literatura, de músicas, brincadeiras e atividades, as crianças aprendem a valorizar e respeitar a cultura negra. A escola é um espaço de debates e reflexões, estudos, palestras, oficinas e ações que celebrem a cultura afro-brasileira.</p>
</blockquote>
<!-- /wp:quote -->
<p>&nbsp;</p>
<p>[/vc_column_text]<div id="ultimate-heading-956369f2967a18f00" class="uvc-heading ult-adjust-bottom-margin ultimate-heading-956369f2967a18f00 uvc-8202 " data-hspacer="no_spacer"  data-halign="center" style="text-align:center"><div class="uvc-heading-spacer no_spacer" style="top"></div><div class="uvc-main-heading ult-responsive"  data-ultimate-target='.uvc-heading.ultimate-heading-956369f2967a18f00 h2'  data-responsive-json-new='{"font-size":"desktop:44px;","line-height":""}' ><h2 style="--font-weight:theme;">Educação Financeira e Empreendedorismo</h2></div></div>[vc_column_text css=&#8221;&#8221;]</p>
<p>&nbsp;</p>
<p><!-- /wp:paragraph --> </p>
<!-- wp:quote -->
<blockquote class="wp-block-quote">
<p>Os estudantes aprendem a gerenciar o dinheiro, a poupar e gastar de maneira consciente. Dialogam sobre alguns conceitos básicos como capital, descontos, lucros, juros, medir riscos e evitar prejuízos, ao escolher, por exemplo, o que vender na lojinha. Planejam, organizam e executam atividades para gerar valor.</p>
</blockquote>
<!-- /wp:quote -->
<p>&nbsp;</p>
<p>[/vc_column_text][/vc_column][/vc_row]</p></div>

<p>[vc_row][vc_column][vc_column_text css=&#8221;&#8221;] &nbsp;   No projeto socioemocional desenvolvemos competências emocionais e sociais nas nossas crianças. Elas dialogam sobre as suas emoções e sentimentos, interagindo com o outro com cooperação e empatia. Integrado ao projeto &#8220;Diga não ao bullying&#8221;  melhoramos o convívio entre os estudantes, promovendo o diálogo, o respeito e a inclusão. [/vc_column_text][vc_column_text css=&#8221;&#8221;] &nbsp;&hellip;</p>
