{"id":306,"date":"2016-02-08T11:11:50","date_gmt":"2016-02-08T11:11:50","guid":{"rendered":"https:\/\/the7.io\/marketing-agency\/?page_id=306"},"modified":"2025-05-04T21:45:14","modified_gmt":"2025-05-05T00:45:14","slug":"blog","status":"publish","type":"page","link":"https:\/\/www.monstrum.dev.br\/clientes_\/construir\/blog\/","title":{"rendered":"Blog"},"content":{"rendered":"<div class=\"wpb-content-wrapper\"><p>[vc_row][vc_column]<style type=\"text\/css\" data-type=\"the7_shortcodes-inline-css\">.blog-shortcode.blog-list-shortcode-id-077c624bc2a1793a73d89c91a7307ec4.side-overlap-layout-list .post-thumbnail-wrap {\n  width: 75%;\n}\n.blog-shortcode.blog-list-shortcode-id-077c624bc2a1793a73d89c91a7307ec4.side-overlap-layout-list .post-entry-content {\n  width: calc(100% - 75% + 150px);\n  margin-top: 50px;\n}\n.blog-shortcode.blog-list-shortcode-id-077c624bc2a1793a73d89c91a7307ec4.side-overlap-layout-list .no-img .post-entry-content {\n  width: 100%;\n  margin-top: 0;\n}\n.blog-shortcode.blog-list-shortcode-id-077c624bc2a1793a73d89c91a7307ec4.side-overlap-layout-list .project-odd .post-entry-content {\n  margin-left: -150px;\n}\n.rtl .blog-shortcode.blog-list-shortcode-id-077c624bc2a1793a73d89c91a7307ec4.side-overlap-layout-list .project-odd .post-entry-content {\n  margin-right: -150px;\n  margin-left: 0;\n}\n.blog-shortcode.blog-list-shortcode-id-077c624bc2a1793a73d89c91a7307ec4.side-overlap-layout-list .no-img.project-odd .post-entry-content {\n  margin-left: 0;\n}\n.rtl .blog-shortcode.blog-list-shortcode-id-077c624bc2a1793a73d89c91a7307ec4.side-overlap-layout-list .no-img.project-odd .post-entry-content {\n  margin-right: 0;\n  margin-left: 0;\n}\n.blog-shortcode.blog-list-shortcode-id-077c624bc2a1793a73d89c91a7307ec4.side-overlap-layout-list .project-even .post-entry-content {\n  margin-right: -150px;\n}\n.rtl .blog-shortcode.blog-list-shortcode-id-077c624bc2a1793a73d89c91a7307ec4.side-overlap-layout-list .project-even .post-entry-content {\n  margin-left: -150px;\n  margin-right: 0;\n}\n.blog-shortcode.blog-list-shortcode-id-077c624bc2a1793a73d89c91a7307ec4.side-overlap-layout-list .no-img.project-even .post-entry-content {\n  margin-right: 0;\n}\n.rtl .blog-shortcode.blog-list-shortcode-id-077c624bc2a1793a73d89c91a7307ec4.side-overlap-layout-list .no-img.project-even .post-entry-content {\n  margin-left: 0;\n  margin-right: 0;\n}\n@media screen and (max-width: 768px) {\n  #page .blog-shortcode.blog-list-shortcode-id-077c624bc2a1793a73d89c91a7307ec4.side-overlap-layout-list .project-odd .post-entry-content {\n    left: 0;\n  }\n  #page .blog-shortcode.blog-list-shortcode-id-077c624bc2a1793a73d89c91a7307ec4.side-overlap-layout-list .project-even .post-entry-content {\n    right: 0;\n  }\n}\n.blog-shortcode.blog-list-shortcode-id-077c624bc2a1793a73d89c91a7307ec4 .filter-bg-decoration .filter-categories a.act {\n  color: #fff;\n}\n.blog-shortcode.blog-list-shortcode-id-077c624bc2a1793a73d89c91a7307ec4:not(.mode-masonry) article {\n  margin-top: 50px;\n}\n.blog-shortcode.blog-list-shortcode-id-077c624bc2a1793a73d89c91a7307ec4:not(.mode-masonry) article:first-of-type,\n.blog-shortcode.blog-list-shortcode-id-077c624bc2a1793a73d89c91a7307ec4:not(.mode-masonry) article.visible.first:not(.product) {\n  margin-top: 0;\n}\n.blog-shortcode.blog-list-shortcode-id-077c624bc2a1793a73d89c91a7307ec4.dividers-on:not(.mode-masonry) article {\n  margin-top: 0;\n  padding-top: 50px;\n}\n.blog-shortcode.blog-list-shortcode-id-077c624bc2a1793a73d89c91a7307ec4.dividers-on:not(.mode-masonry) article:first-of-type,\n.blog-shortcode.blog-list-shortcode-id-077c624bc2a1793a73d89c91a7307ec4.dividers-on:not(.mode-masonry) article.visible.first:not(.product) {\n  margin-top: 0;\n  padding-top: 0;\n}\n.blog-shortcode.blog-list-shortcode-id-077c624bc2a1793a73d89c91a7307ec4 .post-thumbnail-wrap {\n  padding: 0px 0px 0px 0px;\n}\n.blog-shortcode.blog-list-shortcode-id-077c624bc2a1793a73d89c91a7307ec4.enable-bg-rollover .post-thumbnail-rollover:after {\n  background: rgba(255,255,255,0.15);\n  box-shadow: none;\n  background: -webkit-linear-gradient();\n  background: linear-gradient();\n}\n.blog-shortcode.blog-list-shortcode-id-077c624bc2a1793a73d89c91a7307ec4 .gallery-zoom-ico {\n  width: 44px;\n  height: 44px;\n  line-height: 44px;\n  border-radius: 100px;\n  margin: -22px 0 0 -22px;\n  border-width: 0px;\n  color: #ffffff;\n}\n.bottom-overlap-layout-list.blog-shortcode.blog-list-shortcode-id-077c624bc2a1793a73d89c91a7307ec4 .gallery-zoom-ico {\n  margin-top: -47px;\n}\n.gradient-overlay-layout-list.blog-shortcode.blog-list-shortcode-id-077c624bc2a1793a73d89c91a7307ec4 .gallery-zoom-ico,\n.content-rollover-layout-list.blog-shortcode.blog-list-shortcode-id-077c624bc2a1793a73d89c91a7307ec4 .gallery-zoom-ico {\n  margin: 0 0 10px;\n}\n.content-align-center.gradient-overlay-layout-list.blog-shortcode.blog-list-shortcode-id-077c624bc2a1793a73d89c91a7307ec4 .gallery-zoom-ico,\n.content-align-center.content-rollover-layout-list.blog-shortcode.blog-list-shortcode-id-077c624bc2a1793a73d89c91a7307ec4 .gallery-zoom-ico {\n  margin: 0 auto 10px;\n}\n.dt-icon-bg-on.blog-shortcode.blog-list-shortcode-id-077c624bc2a1793a73d89c91a7307ec4 .gallery-zoom-ico {\n  background: rgba(255,255,255,0.3);\n  box-shadow: none;\n}\n.blog-shortcode.blog-list-shortcode-id-077c624bc2a1793a73d89c91a7307ec4 .gallery-zoom-ico > span,\n.blog-shortcode.blog-list-shortcode-id-077c624bc2a1793a73d89c91a7307ec4 .gallery-zoom-ico:before {\n  font-size: 32px;\n  line-height: 44px;\n}\n.blog-shortcode.blog-list-shortcode-id-077c624bc2a1793a73d89c91a7307ec4 .gallery-zoom-ico > span,\n.blog-shortcode.blog-list-shortcode-id-077c624bc2a1793a73d89c91a7307ec4 .gallery-zoom-ico:before {\n  color: #ffffff;\n}\n.blog-shortcode.blog-list-shortcode-id-077c624bc2a1793a73d89c91a7307ec4 .fancy-date a {\n  background: #ec7834;\n  box-shadow: none;\n}\n.blog-shortcode.blog-list-shortcode-id-077c624bc2a1793a73d89c91a7307ec4 .fancy-date a * {\n  color: #ffffff;\n}\n.blog-shortcode.blog-list-shortcode-id-077c624bc2a1793a73d89c91a7307ec4 .fancy-date a .entry-month:after,\n.blog-shortcode.blog-list-shortcode-id-077c624bc2a1793a73d89c91a7307ec4 .fancy-date a .entry-date:after {\n  background: rgba(255,255,255,0.5);\n  box-shadow: none;\n}\n.blog-shortcode.blog-list-shortcode-id-077c624bc2a1793a73d89c91a7307ec4 .entry-title,\n.blog-shortcode.blog-list-shortcode-id-077c624bc2a1793a73d89c91a7307ec4.owl-carousel .entry-title {\n  margin-bottom: 5px;\n  font-weight: bold;\n}\n.blog-shortcode.blog-list-shortcode-id-077c624bc2a1793a73d89c91a7307ec4 .entry-meta {\n  margin-bottom: 15px;\n}\n.blog-shortcode.blog-list-shortcode-id-077c624bc2a1793a73d89c91a7307ec4 .portfolio-categories {\n  margin-bottom: 15px;\n}\n.blog-shortcode.blog-list-shortcode-id-077c624bc2a1793a73d89c91a7307ec4 .entry-excerpt {\n  margin-bottom: 5px;\n}\n.blog-shortcode.blog-list-shortcode-id-077c624bc2a1793a73d89c91a7307ec4:not(.centered-layout-list) .post-entry-content {\n  padding: 25px 30px 30px 30px;\n}\n.blog-shortcode.blog-list-shortcode-id-077c624bc2a1793a73d89c91a7307ec4:not(.centered-layout-list):not(.content-bg-on):not(.mode-list) .no-img .post-entry-content {\n  padding: 0;\n}\n.blog-shortcode.blog-list-shortcode-id-077c624bc2a1793a73d89c91a7307ec4.content-bg-on:not(.classic-layout-list):not(.centered-layout-list) .post-entry-content {\n  background: #f4f4f4;\n  box-shadow: none;\n}\n@media screen and (max-width: 768px) {\n  .blog-shortcode.blog-list-shortcode-id-077c624bc2a1793a73d89c91a7307ec4 article {\n    -ms-flex-flow: column nowrap;\n    flex-flow: column nowrap;\n    margin-top: 20px;\n  }\n  .blog-shortcode.blog-list-shortcode-id-077c624bc2a1793a73d89c91a7307ec4.dividers-on article {\n    border: none;\n  }\n  .blog-shortcode.blog-list-shortcode-id-077c624bc2a1793a73d89c91a7307ec4.content-bg-on.centered-layout-list article {\n    padding: 0;\n  }\n  .blog-shortcode.blog-list-shortcode-id-077c624bc2a1793a73d89c91a7307ec4.blog-shortcode.dividers-on article,\n  .blog-shortcode.blog-list-shortcode-id-077c624bc2a1793a73d89c91a7307ec4.dividers-on.classic-layout-list article {\n    margin-top: 20px;\n    padding: 0;\n  }\n  .blog-shortcode.blog-list-shortcode-id-077c624bc2a1793a73d89c91a7307ec4.blog-shortcode.dividers-on article:first-of-type,\n  .blog-shortcode.blog-list-shortcode-id-077c624bc2a1793a73d89c91a7307ec4.dividers-on.classic-layout-list article:first-of-type {\n    padding: 0;\n  }\n  #page .blog-shortcode.blog-list-shortcode-id-077c624bc2a1793a73d89c91a7307ec4 .post-thumbnail-wrap,\n  #page .blog-shortcode.blog-list-shortcode-id-077c624bc2a1793a73d89c91a7307ec4 .post-entry-content {\n    width: 100%;\n    margin: 0;\n    top: 0;\n  }\n  #page .blog-shortcode.blog-list-shortcode-id-077c624bc2a1793a73d89c91a7307ec4 .post-thumbnail-wrap {\n    padding: 0;\n  }\n  #page .blog-shortcode.blog-list-shortcode-id-077c624bc2a1793a73d89c91a7307ec4 .post-entry-content:after {\n    display: none;\n  }\n  #page .blog-shortcode.blog-list-shortcode-id-077c624bc2a1793a73d89c91a7307ec4 .project-even .post-thumbnail-wrap,\n  #page .blog-shortcode.blog-list-shortcode-id-077c624bc2a1793a73d89c91a7307ec4.centered-layout-list .post-thumbnail-wrap {\n    -ms-flex-order: 0;\n    order: 0;\n  }\n  #page .blog-shortcode.blog-list-shortcode-id-077c624bc2a1793a73d89c91a7307ec4.centered-layout-list .post-entry-title-content {\n    -ms-flex-order: 1;\n    order: 1;\n    width: 100%;\n    padding: 20px 20px 0;\n  }\n  #page .blog-shortcode.blog-list-shortcode-id-077c624bc2a1793a73d89c91a7307ec4.centered-layout-list .post-entry-content {\n    -ms-flex-order: 2;\n    order: 2;\n    padding-top: 0;\n  }\n  #page .blog-shortcode.blog-list-shortcode-id-077c624bc2a1793a73d89c91a7307ec4 .fancy-categories {\n    top: 10px;\n    left: 10px;\n    bottom: auto;\n    right: auto;\n  }\n  #page .blog-shortcode.blog-list-shortcode-id-077c624bc2a1793a73d89c91a7307ec4 .fancy-date a {\n    top: 10px;\n    right: 10px;\n    left: auto;\n    bottom: auto;\n  }\n  #page .blog-shortcode.blog-list-shortcode-id-077c624bc2a1793a73d89c91a7307ec4 .post-entry-content {\n    padding: 20px;\n  }\n  #page .blog-shortcode.blog-list-shortcode-id-077c624bc2a1793a73d89c91a7307ec4 .entry-title {\n    margin: 3px 0 5px;\n    font-size: 20px;\n    line-height: 26px;\n  }\n  #page .blog-shortcode.blog-list-shortcode-id-077c624bc2a1793a73d89c91a7307ec4 .entry-meta {\n    margin: 5px 0 5px;\n  }\n  #page .blog-shortcode.blog-list-shortcode-id-077c624bc2a1793a73d89c91a7307ec4 .entry-excerpt {\n    margin: 15px 0 0;\n  }\n  #page .blog-shortcode.blog-list-shortcode-id-077c624bc2a1793a73d89c91a7307ec4 .post-details {\n    margin: 5px 0 10px;\n  }\n  #page .blog-shortcode.blog-list-shortcode-id-077c624bc2a1793a73d89c91a7307ec4 .post-details.details-type-link {\n    margin-bottom: 2px;\n  }\n}\n<\/style><div class=\"articles-list blog-shortcode mode-list blog-list-shortcode-id-077c624bc2a1793a73d89c91a7307ec4 side-overlap-layout-list content-bg-on enable-bg-rollover jquery-filter scale-img dt-icon-bg-off vertical-fancy-style loading-effect-fade-in\" data-cur-page=\"1\" data-post-limit=\"4\" data-pagination-mode=\"load-more\"><article class=\"post project-odd visible post-2416 type-post status-publish format-standard has-post-thumbnail hentry category-sem-categoria tag-beneficios-da-rotina-na-educacao-infantil tag-como-criar-rotina-para-criancas tag-desenvolvimento-infantil tag-escola-e-familia tag-estrutura-na-infancia tag-importancia-da-rotina-infantil tag-organizacao-e-autonomia-infantil tag-rotina-em-casa-e-na-escola tag-rotina-equilibrada tag-rotina-escolar tag-rotina-na-escola tag-rotina-na-infancia tag-rotina-para-crianca-pequena tag-rotina-saudavel-para-criancas tag-seguranca-emocional-infantil category-1 description-off\" data-name=\"\ud83d\udd52 A import\u00e2ncia da rotina na inf\u00e2ncia: como a rotina escolar contribui para o desenvolvimento\" data-date=\"2025-03-31T23:22:57-03:00\">\n\n<div class=\"post-thumbnail-wrap\">\n\t<div class=\"post-thumbnail\">\n\n\t\t\n\t\t\n\t\t<a href=\"https:\/\/www.monstrum.dev.br\/clientes_\/construir\/2025\/03\/31\/%f0%9f%95%92-a-importancia-da-rotina-na-infancia-como-a-rotina-escolar-contribui-para-o-desenvolvimento\/\" class=\"post-thumbnail-rollover layzr-bg layzr-bg\" ><img fetchpriority=\"high\" decoding=\"async\" class=\"blog-thumb-lazy-load preload-me lazy-load aspect\" src=\"data:image\/svg+xml,%3Csvg%20xmlns%3D&#39;http%3A%2F%2Fwww.w3.org%2F2000%2Fsvg&#39;%20viewBox%3D&#39;0%200%20768%20512&#39;%2F%3E\" data-src=\"https:\/\/www.monstrum.dev.br\/clientes_\/construir\/wp-content\/uploads\/2025\/03\/Crie-uma-imagem-sobre-rotina-na-infancia-mostrando-uma-crianca-real-olhando-sua-rotina-768x512.jpg\" data-srcset=\"https:\/\/www.monstrum.dev.br\/clientes_\/construir\/wp-content\/uploads\/2025\/03\/Crie-uma-imagem-sobre-rotina-na-infancia-mostrando-uma-crianca-real-olhando-sua-rotina-768x512.jpg 768w, https:\/\/www.monstrum.dev.br\/clientes_\/construir\/wp-content\/uploads\/2025\/03\/Crie-uma-imagem-sobre-rotina-na-infancia-mostrando-uma-crianca-real-olhando-sua-rotina-1306x870.jpg 1306w\" loading=\"eager\" style=\"--ratio: 768 \/ 512\" sizes=\"(max-width: 768px) 100vw, 768px\" alt=\"\" title=\"Crie uma imagem sobre rotina na inf\u00e2ncia, mostrando uma crian\u00e7a real olhando sua rotina\" width=\"768\" height=\"512\"  \/><\/a>\n\t<\/div>\n<\/div>\n\n\n<div class=\"post-entry-content\">\n\n\t<h3 class=\"entry-title\">\n\t\t<a href=\"https:\/\/www.monstrum.dev.br\/clientes_\/construir\/2025\/03\/31\/%f0%9f%95%92-a-importancia-da-rotina-na-infancia-como-a-rotina-escolar-contribui-para-o-desenvolvimento\/\" title=\"\ud83d\udd52 A import\u00e2ncia da rotina na inf\u00e2ncia: como a rotina escolar contribui para o desenvolvimento\" rel=\"bookmark\">\ud83d\udd52 A import\u00e2ncia da rotina na inf\u00e2ncia: como a rotina escolar contribui para o desenvolvimento<\/a>\n\t<\/h3>\n\n\t<div class=\"entry-meta\"><span class=\"category-link\"><a href=\"https:\/\/www.monstrum.dev.br\/clientes_\/construir\/category\/sem-categoria\/\" >Sem categoria<\/a><\/span><a href=\"https:\/\/www.monstrum.dev.br\/clientes_\/construir\/2025\/03\/31\/\" title=\"23:22\" class=\"data-link\" rel=\"bookmark\"><time class=\"entry-date updated\" datetime=\"2025-03-31T23:22:57-03:00\">31\/03\/2025<\/time><\/a><\/div>\n\t<div class=\"entry-excerpt\"><p>Na inf\u00e2ncia, tudo \u00e9 novo. Os dias s\u00e3o cheios de descobertas, emo\u00e7\u00f5es e aprendizados. E em meio a tantas novidades, a rotina se torna uma ferramenta essencial para promover seguran\u00e7a emocional, autonomia e desenvolvimento saud\u00e1vel. Na Escola Construir, acreditamos que a rotina bem estruturada \u00e9 uma grande aliada na forma\u00e7\u00e3o da crian\u00e7a \u2014 e vamos&hellip;<\/p>\n<\/div>\n\t\n<a href=\"https:\/\/www.monstrum.dev.br\/clientes_\/construir\/2025\/03\/31\/%f0%9f%95%92-a-importancia-da-rotina-na-infancia-como-a-rotina-escolar-contribui-para-o-desenvolvimento\/\" class=\"dt-btn-s dt-btn post-details details-type-btn\" aria-label=\"Bot\u00e3o &quot;Leia mais&quot; \ud83d\udd52 A import\u00e2ncia da rotina na inf\u00e2ncia: como a rotina escolar contribui para o desenvolvimento\">Leia mais<i class=\"dt-icon-the7-arrow-03\" aria-hidden=\"true\"><\/i><\/a>\n\n<\/div><\/article><article class=\"post project-even visible post-2413 type-post status-publish format-standard has-post-thumbnail hentry category-sem-categoria tag-alimentacao-infantil tag-alimentacao-saudavel-para-bebes tag-bebe-a-partir-dos-6-meses tag-como-comecar-a-introducao-alimentar tag-introducao-alimentar tag-introducao-alimentar-aos-6-meses category-1 description-off\" data-name=\"Dicas de Introdu\u00e7\u00e3o Alimentar: como come\u00e7ar com carinho, paci\u00eancia e consci\u00eancia\" data-date=\"2025-03-31T23:05:22-03:00\">\n\n<div class=\"post-thumbnail-wrap\">\n\t<div class=\"post-thumbnail\">\n\n\t\t\n\t\t\n\t\t<a href=\"https:\/\/www.monstrum.dev.br\/clientes_\/construir\/2025\/03\/31\/dicas-de-introducao-alimentar-como-comecar-com-carinho-paciencia-e-consciencia\/\" class=\"post-thumbnail-rollover layzr-bg layzr-bg\" ><img decoding=\"async\" class=\"blog-thumb-lazy-load preload-me lazy-load aspect\" src=\"data:image\/svg+xml,%3Csvg%20xmlns%3D&#39;http%3A%2F%2Fwww.w3.org%2F2000%2Fsvg&#39;%20viewBox%3D&#39;0%200%20768%20512&#39;%2F%3E\" data-src=\"https:\/\/www.monstrum.dev.br\/clientes_\/construir\/wp-content\/uploads\/2025\/03\/Crie-uma-imagem-sobre-introducao-alimentar-para-bebes-768x512.jpg\" data-srcset=\"https:\/\/www.monstrum.dev.br\/clientes_\/construir\/wp-content\/uploads\/2025\/03\/Crie-uma-imagem-sobre-introducao-alimentar-para-bebes-768x512.jpg 768w, https:\/\/www.monstrum.dev.br\/clientes_\/construir\/wp-content\/uploads\/2025\/03\/Crie-uma-imagem-sobre-introducao-alimentar-para-bebes-1306x870.jpg 1306w\" loading=\"eager\" style=\"--ratio: 768 \/ 512\" sizes=\"(max-width: 768px) 100vw, 768px\" alt=\"\" title=\"Crie uma imagem sobre introdu\u00e7\u00e3o alimentar para beb\u00eas\" width=\"768\" height=\"512\"  \/><\/a>\n\t<\/div>\n<\/div>\n\n\n<div class=\"post-entry-content\">\n\n\t<h3 class=\"entry-title\">\n\t\t<a href=\"https:\/\/www.monstrum.dev.br\/clientes_\/construir\/2025\/03\/31\/dicas-de-introducao-alimentar-como-comecar-com-carinho-paciencia-e-consciencia\/\" title=\"Dicas de Introdu\u00e7\u00e3o Alimentar: como come\u00e7ar com carinho, paci\u00eancia e consci\u00eancia\" rel=\"bookmark\">Dicas de Introdu\u00e7\u00e3o Alimentar: como come\u00e7ar com carinho, paci\u00eancia e consci\u00eancia<\/a>\n\t<\/h3>\n\n\t<div class=\"entry-meta\"><span class=\"category-link\"><a href=\"https:\/\/www.monstrum.dev.br\/clientes_\/construir\/category\/sem-categoria\/\" >Sem categoria<\/a><\/span><a href=\"https:\/\/www.monstrum.dev.br\/clientes_\/construir\/2025\/03\/31\/\" title=\"23:05\" class=\"data-link\" rel=\"bookmark\"><time class=\"entry-date updated\" datetime=\"2025-03-31T23:05:22-03:00\">31\/03\/2025<\/time><\/a><\/div>\n\t<div class=\"entry-excerpt\"><p>A introdu\u00e7\u00e3o alimentar \u00e9 um dos marcos mais importantes da vida do beb\u00ea \u2014 \u00e9 quando ele come\u00e7a a descobrir novos sabores, texturas e h\u00e1bitos alimentares que v\u00e3o acompanh\u00e1-lo por toda a vida. Na Escola Construir, acompanhamos de perto esse processo com muito afeto, respeitando o tempo de cada crian\u00e7a e colaborando com as fam\u00edlias&hellip;<\/p>\n<\/div>\n\t\n<a href=\"https:\/\/www.monstrum.dev.br\/clientes_\/construir\/2025\/03\/31\/dicas-de-introducao-alimentar-como-comecar-com-carinho-paciencia-e-consciencia\/\" class=\"dt-btn-s dt-btn post-details details-type-btn\" aria-label=\"Bot\u00e3o &quot;Leia mais&quot; Dicas de Introdu\u00e7\u00e3o Alimentar: como come\u00e7ar com carinho, paci\u00eancia e consci\u00eancia\">Leia mais<i class=\"dt-icon-the7-arrow-03\" aria-hidden=\"true\"><\/i><\/a>\n\n<\/div><\/article><article class=\"post project-odd visible post-2410 type-post status-publish format-standard has-post-thumbnail hentry category-sem-categoria tag-bercario tag-como-tirar-a-fralda tag-desfralde-infantil tag-educacao-infantil tag-idade-certa-para-desfralde category-1 description-off\" data-name=\"Desfralde Infantil: um passo importante com carinho e parceria\" data-date=\"2025-03-31T22:58:16-03:00\">\n\n<div class=\"post-thumbnail-wrap\">\n\t<div class=\"post-thumbnail\">\n\n\t\t\n\t\t\n\t\t<a href=\"https:\/\/www.monstrum.dev.br\/clientes_\/construir\/2025\/03\/31\/desfralde-infantil-um-passo-importante-com-carinho-e-parceria\/\" class=\"post-thumbnail-rollover layzr-bg layzr-bg\" ><img decoding=\"async\" class=\"blog-thumb-lazy-load preload-me lazy-load aspect\" src=\"data:image\/svg+xml,%3Csvg%20xmlns%3D&#39;http%3A%2F%2Fwww.w3.org%2F2000%2Fsvg&#39;%20viewBox%3D&#39;0%200%20768%20512&#39;%2F%3E\" data-src=\"https:\/\/www.monstrum.dev.br\/clientes_\/construir\/wp-content\/uploads\/2025\/03\/Crie-uma-imagem-sobre-desfralde-1-768x512.jpg\" data-srcset=\"https:\/\/www.monstrum.dev.br\/clientes_\/construir\/wp-content\/uploads\/2025\/03\/Crie-uma-imagem-sobre-desfralde-1-768x512.jpg 768w, https:\/\/www.monstrum.dev.br\/clientes_\/construir\/wp-content\/uploads\/2025\/03\/Crie-uma-imagem-sobre-desfralde-1-1306x870.jpg 1306w\" loading=\"eager\" style=\"--ratio: 768 \/ 512\" sizes=\"(max-width: 768px) 100vw, 768px\" alt=\"\" title=\"Crie uma imagem sobre desfralde\" width=\"768\" height=\"512\"  \/><\/a>\n\t<\/div>\n<\/div>\n\n\n<div class=\"post-entry-content\">\n\n\t<h3 class=\"entry-title\">\n\t\t<a href=\"https:\/\/www.monstrum.dev.br\/clientes_\/construir\/2025\/03\/31\/desfralde-infantil-um-passo-importante-com-carinho-e-parceria\/\" title=\"Desfralde Infantil: um passo importante com carinho e parceria\" rel=\"bookmark\">Desfralde Infantil: um passo importante com carinho e parceria<\/a>\n\t<\/h3>\n\n\t<div class=\"entry-meta\"><span class=\"category-link\"><a href=\"https:\/\/www.monstrum.dev.br\/clientes_\/construir\/category\/sem-categoria\/\" >Sem categoria<\/a><\/span><a href=\"https:\/\/www.monstrum.dev.br\/clientes_\/construir\/2025\/03\/31\/\" title=\"22:58\" class=\"data-link\" rel=\"bookmark\"><time class=\"entry-date updated\" datetime=\"2025-03-31T22:58:16-03:00\">31\/03\/2025<\/time><\/a><\/div>\n\t<div class=\"entry-excerpt\"><p>O processo de desfralde infantil \u00e9 uma das fases mais importantes no desenvolvimento das crian\u00e7as \u2014 e, ao mesmo tempo, uma das que mais geram d\u00favidas nos pais:\ud83d\udc49 Qual a idade ideal para tirar a fralda?\ud83d\udc49 Como saber se meu filho est\u00e1 pronto?\ud83d\udc49 O que fazer quando ocorrem acidentes? Na Escola Construir, esse momento \u00e9&hellip;<\/p>\n<\/div>\n\t\n<a href=\"https:\/\/www.monstrum.dev.br\/clientes_\/construir\/2025\/03\/31\/desfralde-infantil-um-passo-importante-com-carinho-e-parceria\/\" class=\"dt-btn-s dt-btn post-details details-type-btn\" aria-label=\"Bot\u00e3o &quot;Leia mais&quot; Desfralde Infantil: um passo importante com carinho e parceria\">Leia mais<i class=\"dt-icon-the7-arrow-03\" aria-hidden=\"true\"><\/i><\/a>\n\n<\/div><\/article><div class=\"paginator paginator-more-button\">\n\t\t\t\t<a class=\"button-load-more \" href=\"javascript:void(0);\" data-dt-page=\"1\" ><span class=\"stick\"><\/span><span class=\"stick\"><\/span><span class=\"stick\"><\/span><span class=\"button-caption\">Veja mais<\/span><\/a>\n\t\t\t<\/div><\/div>[\/vc_column][\/vc_row]<\/p>\n<\/div>","protected":false},"excerpt":{"rendered":"<p>[vc_row][vc_column][\/vc_column][\/vc_row]<\/p>\n","protected":false},"author":1,"featured_media":0,"parent":0,"menu_order":45,"comment_status":"closed","ping_status":"closed","template":"","meta":{"footnotes":""},"class_list":["post-306","page","type-page","status-publish","hentry","description-off"],"_links":{"self":[{"href":"https:\/\/www.monstrum.dev.br\/clientes_\/construir\/wp-json\/wp\/v2\/pages\/306","targetHints":{"allow":["GET"]}}],"collection":[{"href":"https:\/\/www.monstrum.dev.br\/clientes_\/construir\/wp-json\/wp\/v2\/pages"}],"about":[{"href":"https:\/\/www.monstrum.dev.br\/clientes_\/construir\/wp-json\/wp\/v2\/types\/page"}],"author":[{"embeddable":true,"href":"https:\/\/www.monstrum.dev.br\/clientes_\/construir\/wp-json\/wp\/v2\/users\/1"}],"replies":[{"embeddable":true,"href":"https:\/\/www.monstrum.dev.br\/clientes_\/construir\/wp-json\/wp\/v2\/comments?post=306"}],"version-history":[{"count":2,"href":"https:\/\/www.monstrum.dev.br\/clientes_\/construir\/wp-json\/wp\/v2\/pages\/306\/revisions"}],"predecessor-version":[{"id":2458,"href":"https:\/\/www.monstrum.dev.br\/clientes_\/construir\/wp-json\/wp\/v2\/pages\/306\/revisions\/2458"}],"wp:attachment":[{"href":"https:\/\/www.monstrum.dev.br\/clientes_\/construir\/wp-json\/wp\/v2\/media?parent=306"}],"curies":[{"name":"wp","href":"https:\/\/api.w.org\/{rel}","templated":true}]}}